l**2 - 1 - 4*l**2. Let w(v) = -6*v**2 - 2*v + 3. Let r(h) = -5*b(h) - 2*w(h). Give r(2).
-15
Let b(g) = 9*g**2 - 2 + 11*g + 2*g**3 + 15*g - g**3 - 17*g + 1. What is b(-7)?
34
Let g(q) = q**3 + 14*q**2 + q + 26. Let r be g(-14). Let t(l) = -5 - r*l + 15*l - 5*l + 2. Suppose -3*b + 21 = -2*c, b + 4*b = 5*c + 45. What is t(c)?
9
Suppose 0 = m + 4*m. Suppose m = 2*q - 4*l - 20, -2*l = -5*q + 2*l + 26. Suppose -q*n - 9 + 21 = 0. Let z(y) = -y**3 + 7*y**2 - 5*y - 5. Give z(n).
1
Let o(j) = 4*j + 1. Let b(s) = -24*s - 6. Let v(t) = 6*b(t) + 34*o(t). What is v(3)?
-26
Suppose 4*l - 23 = -5*w, 3*l + l = 8. Let v(i) be the first derivative of i**2/2 + 4*i + 792. Give v(w).
7
Let o(g) = -8*g + 3. Let c(k) = -8*k + 2. Let w(y) = 4*c(y) - 3*o(y). Determine w(-1).
7
Let w(i) be the first derivative of -i**4/12 - i**3/3 + i**2 - i + 20. Let y(x) be the first derivative of w(x). Determine y(2).
-6
Suppose 2*s + 0*h + 21 = -5*h, 0 = 3*s - 4*h - 26. Let p(c) = -4*c - 4*c - 2*c**s - 3 - 2*c + 13*c. Calculate p(3).
-12
Let z(a) be the third derivative of a**6/120 - a**5/15 - a**3/6 - a**2. Let m = 4 - 10. Let y be (-10)/m - (-1)/3. What is z(y)?
-9
Let c(x) = -6*x - 27. Suppose -5*s - 112 + 87 = 0. What is c(s)?
3
Let k(m) = m + 1. Let u be k(3). Suppose 3*q - u*l = 23, l = -2*q - q - 2. Let b(h) = q + 5*h - 6 + 5. Give b(1).
5
Let n(f) = 2*f**2. Suppose -a + 25 = 5*s, 0*s = -3*s - a + 17. Suppose 0*i - i - s*w = -14, 0 = 3*i - 4*w + 6. Give n(i).
8
Let c = -10 + 0. Let n = c - -13. Let t(q) = -2*q - 2*q + 6*q - 8 - n*q. Determine t(-4).
-4
Let r(k) = 5*k - 3. Let w(z) = -4*z + 3. Let f(l) = 5*r(l) + 6*w(l). Suppose -5*h - 21 = 4. Let c(g) = g + 1. Let u be c(h). Determine f(u).
-1
Let n(o) be the first derivative of -o**3/3 - 8*o**2 - 16*o + 191. Let z be 1 + -3 + (-1 - 12). Let r be n(z). Let q(b) = -4*b**3 - 2*b**2 + 1. Give q(r).
3
Let l(b) = 3*b + 2. Let n = -3 + -13. Let i be n/(-14) + 1/(-7). Let q be i/(-4) - 161/92. What is l(q)?
-4
Let u(y) be the third derivative of 24*y**2 + 0 + 7/24*y**4 + 2/3*y**3 + 0*y - 1/60*y**5. Give u(6).
10
Let t be (-1)/(-23) + 2486/2599. Let v(k) = k - 1. Calculate v(t).
0
Let o(h) = -2*h + 186 - h - 203. Determine o(-14).
25
Let j(i) = 3*i**2 - i - 11. Let f be j(-2). Let v(z) = -6*z**3 - z**2 + 3*z + 4. Let h(l) = 5*l**3 - 2*l - 4. Let a(w) = -5*h(w) - 4*v(w). Give a(f).
7
Let l(n) = n**3 + 3*n**2 + 9. Let f = -415 + 411. Calculate l(f).
-7
Let h(z) = -z**2 - 1. Let l = -3 - 0. Let m be (2*(-1)/6)/((-14)/84). Let o be (2/(-3))/(m/l). Calculate h(o).
-2
Let s = 22 - 19. Let c(k) be the third derivative of -k**5/60 + 2*k**3/3 - 8*k**2. What is c(s)?
-5
Suppose x + 10 = 6*x. Let t(u) = 7 - 3 - u + x*u. Let d = -581 + 576. Calculate t(d).
-1
Let w(v) = 49*v + 21. Let z(o) = 11*o + 5. Let q(a) = 2*w(a) - 9*z(a). Give q(2).
-5
Let q = -18 + 13. Let u(t) be the second derivative of t**5/20 + t**4/3 - 2*t**3/3 - 3*t**2/2 - 881*t. Give u(q).
-8
Let c(f) = 1 - 4*f + 1 + 10 + 2*f. Suppose s + 6 = 14. What is c(s)?
-4
Let k be (6 + 0)*((-84)/18 - -4). Let g(u) = u**3 + 3*u**2 - 6*u - 5. Determine g(k).
3
Let o(u) be the first derivative of 4*u**3/3 + u**2 - u - 859. Let f = 3 - 2. Suppose l = f - 0. Calculate o(l).
5
Let r(y) be the third derivative of 0 + 0*y + 1/24*y**4 + 20*y**2 + 1/3*y**3. Determine r(-3).
-1
Let o = -72 - -73. Let x(z) = z - 7 - o + 8. Determine x(6).
6
Let g = 3 + 0. Suppose 5*p - 3 = g*p + 3*c, -3*c = -p + 6. Let s be p + (2 - (0 + 1)). Let o(a) = 2*a**2 + 3*a + 2. Determine o(s).
4
Suppose -116 + 6 = -5*o. Let m = 11 - -9. Suppose 2*n - m + 6 = -2*d, 4*d - o = -2*n. Let h(x) = x**2 - 8*x + 5. What is h(d)?
-11
Let h(s) = s - 4. Let m be h(5). Let r(d) = 3*d**3 + 5*d**2 + 3*d + 2. Let g(t) = -4*t**3 - 8*t**2 - 5*t - 3. Let x(u) = 5*g(u) + 8*r(u). Give x(m).
4
Let x(g) = 7*g - 10. Let p(u) = u - 1. Let f(o) = 6*p(o) - x(o). Let d(v) = 4*v - 17. Let h(a) = 2*d(a) + 9*f(a). Calculate h(2).
0
Let t be 6/(-4)*(-20)/6. Let s(f) = -f**3 - f**2 - f + 2. Let x be s(0). Let c(i) = -11*i - 10*i - x - 5*i + 28*i. Determine c(t).
8
Let i(s) be the third derivative of -s**6/120 - s**5/15 - s**4/24 + s**3/3 + 31*s**2 - 12. Suppose -4*w + 7*w + 12 = 0. Give i(w).
6
Let h(y) = 14*y**2 + 2*y + 1. Let g be h(-1). Let r = -1 - -8. Let u(c) = 4*c + r*c - g*c + c**2 + 0*c**2. Give u(3).
3
Let i(v) = -2*v**3 + 4*v**2 - v + 2. Let g = 382 + -379. What is i(g)?
-19
Let p(u) = u + 6. Let q be p(-5). Let n(b) = b**3 - 6*b**2 - 15*b + 7. Let l be n(8). Let v(g) = 4*g + 16 + l - 32. What is v(q)?
3
Let n be -3 + 7/(-35)*-5. Let r(b) = 7*b - 2. Let o(g) = 119*g - 35. Let k(z) = -2*o(z) + 35*r(z). Calculate k(n).
-14
Let w(y) be the third derivative of -y**4/6 + 2*y**3/3 - y**2. Suppose -2*o + 7*j - 8*j = 4, j - 14 = 4*o. Determine w(o).
16
Let k(s) be the third derivative of 25*s**2 + 0 + 0*s + 1/60*s**5 + 1/6*s**3 - 1/4*s**4. Determine k(6).
1
Let n(x) = x**3 - 7*x**2 + 11*x - 3. Let w be n(5). Let q(j) = j**2 + j + 3. Let b be q(0). Let u(d) = -4*d**2 + 0*d**b + 3*d - d**3 + 2*d**3. Give u(w).
-2
Let v(x) = x**3 + 6*x**2 + x - 3. Suppose 28*s - 26*s + 6 = 0. Give v(s).
21
Let n(u) be the third derivative of -u**4/4 - u**3/6 - u**2. Let f be 3/5 - (-1032)/(-20). Let b = f - -53. Calculate n(b).
-13
Let y = 603 - 592. Let w(q) = -q**3 + 10*q**2 + 12*q - 12. Calculate w(y).
-1
Let i(p) = -p**2 + 6*p - 6. Let y(o) = o**2 - 14*o + 19. Let h be y(13). Suppose -4*a - 46 = h. Let j = -9 - a. Give i(j).
2
Let k(d) = 3*d**3 + 8*d**2 + 13*d - 3. Let y(u) = -7*u**3 - 15*u**2 - 27*u + 6. Let c(x) = -5*k(x) - 2*y(x). What is c(-9)?
21
Let c(y) = -3*y**2 + y - 4. Suppose -96 = 30*s - 6. Determine c(s).
-34
Let l be 30/(-4)*-1*(-96)/(-120). Let j(a) = -7*a**2 + 20*a**2 - 7 + a - 7*a**2 - a**3. Give j(l).
-1
Let i = -1192 + 1186. Let z(c) = -3 + 0*c - 5 - 3*c. Give z(i).
10
Let l(p) = -2 - 1 + 98*p**2 - p + 2*p + 1 - 100*p**2. Calculate l(1).
-3
Suppose -8 = 3*w + 22. Let r(x) = -x**3 - 10*x**2 - 4. Give r(w).
-4
Let f(q) = -q**2 + 10*q + 20. Let n = 1429 + -1417. Give f(n).
-4
Let t(z) = -6*z**2 + 11*z - 15. Let d(j) = 7*j**2 - 12*j + 17. Let g(h) = -5*d(h) - 6*t(h). Calculate g(8).
21
Let c(w) be the second derivative of -2*w**3/3 - 5*w. Let p(k) be the first derivative of -k**4/2 + 5*k**3/3 + 2*k**2 - k - 18. Let b be p(3). Determine c(b).
-8
Let p(x) = -x**2 - 5*x - 2. Let y be p(-2). Let g(n) be the first derivative of 4*n - 3*n**2 - 30 + 1/4*n**4 - n**3. Give g(y).
-4
Let d(z) = -27*z - 3. Suppose -54*i + 66*i = -12. Determine d(i).
24
Let j(o) = 2*o + 1. Let k be j(-1). Let b(r) = -14*r**3 - 6*r**3 + 14 - 14 + r**2. Determine b(k).
21
Let p(q) = -q**3 + 8*q**2 + q + 7. Let z(j) = -2*j - 16. Let n be z(-9). Suppose -5*a + 20 = -4*o, n*o - 35 = -3*a - 1. What is p(a)?
15
Let p(s) be the third derivative of s**5/15 + s**4/6 + s**3/2 - 422*s**2 + 1. Determine p(-2).
11
Let l = 15 - 9. Let n(o) = -o**2 + 12*o - 1. Let c(g) = 0*g - 5*g - 4*g + 2 - 2*g + g**2. Let i(f) = -6*c(f) - 5*n(f). Calculate i(l).
-7
Let a(d) = -d**3 - 7*d**2 - 2*d - 7. Let s(c) = 3*c**3 + 15*c**2 + 3*c + 14. Let r(v) = -5*a(v) - 2*s(v). Let w be (-22)/(-4) + (0 - (-2)/4). Determine r(w).
-5
Suppose -5*s = -0 + 5. Let t = -4 - s. Let k(q) be the second derivative of q**5/20 + q**4/6 - 2*q**3/3 - q**2 + 7*q. Give k(t).
1
Let b be 24/(-2)*(4 - 70/15). Let z(i) = -i**2 + 10*i - 18. What is z(b)?
-2
Let l(n) = 8*n - 4. Let m(h) = 9*h - 5. Let s(p) = -5*l(p) + 4*m(p). Suppose -g = -3*c + c + 20, 0 = c + 2*g - 5. Let f = c - 7. Calculate s(f).
-8
Let g(y) = 5*y + 58. Let c(w) = 11*w + 130. Let d(f) = 4*c(f) - 9*g(f). Suppose -21 = 2*i - 3. Give d(i).
7
Let b be 52/(-2)*4/(-8). Suppose 15*i - b*i = -24. Let q be (18/i)/(3/6). Let m(l) = l**3 + 3*l**2 + 2*l + 3. Calculate m(q).
-3
Let i(x) = -8*x + 5*x + 0 + 5 + 19 + 0. Determine i(6).
6
Suppose 0 = q - k + 1, -3*k = 2*q - 0 - 3. Suppose 4*p + 2*t + 14 = q, 5*p - 4*t + 50 = -0*t. Let u(d) = 7*d - 43 + 0*d**2 + d**2 + 19 + 23. Calculate u(p).
-7
Let c be 7*(10/14 + 1). Let j = c - 7. Let u(n) = 2*n**3. Let f(o) = -9*o**3 - 5*o**2 + o - 1. Let s(k) = -f(k) - 5*u(k). Give s(j).
-4
Let r(t) = t**2 - 3. Suppose -m + 6 = -3*y + 3, 4*m + y + 1 = 0. Determine r(m).
-3
Let o(z) = z**3 - 3*z**2 + 4*z - 2. Let m be o(2). Let r be ((-3)/3 - -9)*(